84681
What are the prime factors of 56004028?
2, 14001007
List the prime factors of 16728264.
2, 3, 7, 33191
List the prime factors of 797626157.
269, 2965153
List the prime factors of 2995853414.
2, 47, 167, 190843
What are the prime factors of 4189960229?
7, 13, 46043519
List the prime factors of 177938634.
2, 3, 29656439
What are the prime factors of 1147117568?
2, 17, 8237
What are the prime factors of 130594096?
2, 43, 189817
What are the prime factors of 55622953?
89, 624977
List the prime factors of 225620447.
13, 17, 1020907
What are the prime factors of 1441675798?
2, 199, 1823, 1987
What are the prime factors of 470850319?
23, 97, 211049
What are the prime factors of 1011613216?
2, 31612913
What are the prime factors of 442535992?
2, 19, 2911421
List the prime factors of 1941215661.
3, 7, 11, 311, 9007
List the prime factors of 1179173260.
2, 5, 58958663
What are the prime factors of 228412831?
5039, 45329
List the prime factors of 30531276.
2, 3, 282697
What are the prime factors of 88390103?
83, 1064941
What are the prime factors of 1657225467?
3, 17, 19, 190027
What are the prime factors of 771834122?
2, 101, 1229, 3109
What are the prime factors of 85401909?
3, 1201, 7901
List the prime factors of 131116824.
2, 3, 1821067
What are the prime factors of 714903268?
2, 157, 313, 3637
What are the prime factors of 47305943?
37, 103, 12413
What are the prime factors of 8435061?
3, 937229
List the prime factors of 331077645.
3, 5, 2452427
What are the prime factors of 1690330344?
2, 3, 43, 101, 16217
What are the prime factors of 2031411588?
2, 3, 73, 577, 4019
List the prime factors of 219258728.
2, 13, 2108257
What are the prime factors of 125576148?
2, 3, 29, 360851
List the prime factors of 1643491748.
2, 410872937
List the prime factors of 920445156.
2, 3, 157, 162853
What are the prime factors of 761438947?
37, 20579431
What are the prime factors of 408364884?
2, 3, 11343469
What are the prime factors of 947275180?
2, 5, 4129, 11471
What are the prime factors of 42723835?
5, 7, 11, 83, 191
List the prime factors of 118098398.
2, 11, 367, 14627
What are the prime factors of 4879458850?
2, 5, 7, 13941311
What are the prime factors of 2312373888?
2, 3, 11, 53, 313
List the prime factors of 895655774.
2, 13, 241, 142939
List the prime factors of 130347232.
2, 4073351
What are the prime factors of 31529123?
41, 769003
What are the prime factors of 373712751?
3, 17, 593, 1373
List the prime factors of 346949267.
7, 49564181
What are the prime factors of 202703320?
2, 5, 5067583
List the prime factors of 204295454.
2, 11, 1103, 8419
List the prime factors of 265268221.
17, 15604013
What are the prime factors of 369865489?
7, 43, 1228789
List the prime factors of 38466364.
2, 41, 79, 2969
List the prime factors of 21156623.
229, 92387
List the prime factors of 18117243.
3, 523, 1283
List the prime factors of 312730900.
2, 5, 179, 17471
List the prime factors of 42188827.
4139, 10193
List the prime factors of 840548132.
2, 210137033
What are the prime factors of 251039469?
3, 83679823
What are the prime factors of 230525602?
2, 115262801
What are the prime factors of 1995588568?
2, 67, 109, 34157
What are the prime factors of 643572405?
3, 5, 7, 197, 3457
List the prime factors of 268041891.
3, 13, 6872869
List the prime factors of 349239085.
5, 13, 1483, 3623
List the prime factors of 64217678.
2, 7, 31, 79, 1873
What are the prime factors of 1772263480?
2, 5, 13, 1583, 2153
List the prime factors of 809104618.
2, 7, 593, 97459
List the prime factors of 1076147698.
2, 577, 932537
What are the prime factors of 3741971180?
2, 5, 89, 127, 16553
List the prime factors of 63222512.
2, 59, 66973
List the prime factors of 30038621.
23, 1306027
What are the prime factors of 321070337?
7, 45867191
What are the prime factors of 26859722?
2, 23, 103, 5669
What are the prime factors of 185212900?
2, 5, 47, 157, 251
List the prime factors of 474831397.
37, 12833281
List the prime factors of 1511221201.
7, 31, 994879
What are the prime factors of 6013498?
2, 29, 103681
What are the prime factors of 1342018641?
3, 17, 71, 73, 5077
List the prime factors of 16761697.
97, 172801
List the prime factors of 69863678.
2, 2399, 14561
What are the prime factors of 1892760711?
3, 5743, 109859
List the prime factors of 59859386.
2, 19, 23, 68489
List the prime factors of 1150530567.
3, 383510189
List the prime factors of 1074930878.
2, 7, 29, 91297
List the prime factors of 968601597.
3, 103, 3134633
List the prime factors of 3143706192.
2, 3, 11, 71, 27953
List the prime factors of 2731240176.
2, 3, 7, 8128691
What are the prime factors of 2938985?
5, 7, 131, 641
List the prime factors of 701606191.
11, 13, 23, 213319
What are the prime factors of 49523925?
3, 5, 11, 60029
What are the prime factors of 43216449?
3, 31, 127, 3659
What are the prime factors of 102239950?
2, 5, 19, 107621
List the prime factors of 99620149.
99620149
List the prime factors of 25609863.
3, 101, 84521
List the prime factors of 184102980.
2, 3, 5, 619, 4957
List the prime factors of 954316935.
3, 5, 11, 13, 148301
What are the prime factors of 27852602?
2, 59, 193, 1223
What are the prime factors of 365884084?
2, 91471021
What are the prime factors of 103627875?
3, 5, 13, 29, 733
What are the prime factors of 119928236?
2, 29982059
What are the prime factors of 709831340?
2, 5, 35491567
What are the prime factors of 226138990?
2, 5, 7, 11, 23, 113
What are the prime factors of 698236176?
2, 3, 11, 37, 103, 347
List the prime factors of 404090408.
2, 17, 29, 3533
What are the prime factors of 30499965?
3, 5, 571, 1187
What are the prime factors of 6652553515?
5, 113, 11774431
List the prime factors of 132813124.
2, 53, 626477
List the prime factors of 66325421.
66325421
List the prime factors of 308167758.
2, 3, 53, 323027
List the prime factors of 561322634.
2, 37, 149, 50909
List the prime factors of 144322239.
3, 137, 251, 1399
List the prime factors of 51101197.
7, 7300171
List the prime factors of 29651933.
29651933
List the prime factors of 214402554.
2, 3, 11911253
List the prime factors of 114118998.
2, 3, 7, 31, 87649
What are the prime factors of 905709540?
2, 3, 5, 73, 206783
List the prime factors of 1214218326.
2, 3, 202369721
What are the prime factors of 2335126890?
2, 3, 5, 77837563
List the prime factors of 2235029256.
2, 3, 31042073
List the prime factors of 6007919300.
2, 5, 60079193
What are the prime factors of 351075497?
41, 139, 61603
What are the prime factors of 42094691?
571, 73721
List the prime factors of 1301862177.
3, 7, 11, 71, 26459
List the prime factors of 239363723.
17, 347, 40577
What are the prime factors of 238777141?
238777141
What are the prime factors of 147908940?
2, 3, 5, 2465149
What are the prime factors of 200938264?
2, 53, 473911
List the prime factors of 1048796043.
3, 37, 9448613
List the prime factors of 852572021.
7, 3079, 5651
What are the prime factors of 709392391?
239, 2968169
List the prime factors of 75640247.
37, 2044331
List the prime factors of 297505782.
2, 3, 7, 23, 251, 409
List the prime factors of 51825283.
83, 624401
What are the prime factors of 260098103?
260098103
What are the prime factors of 1172931214?
2, 7, 13, 6444677
What are the prime factors of 312977267?
349, 896783
What are the prime factors of 6538379653?
13, 421, 7069
List the prime factors of 342099877.
7, 59, 433, 1913
What are the prime factors of 465674666?
2, 232837333
What are the prime factors of 260849211?
3, 7, 12421391
List the prime factors of 18095488.
2, 141371
What are the prime factors of 755084402?
2, 377542201
What are the prime factors of 506005807?
47, 10766081
What are the prime factors of 1946762715?
3, 5, 129784181
What are the prime factors of 71420327?
11, 593, 10949
List the prime factors of 2771287197.
3, 7, 241, 547577
List the prime factors of 82983997.
82983997
List the prime factors of 516744565.
5, 23, 131, 34301
What are the prime factors of 349766745?
3, 5, 23317783
What are the prime factors of 2258021338?
2, 31, 1174829
What are the prime factors of 7988884?
2, 43, 46447
What are the prime factors of 77274306?
2, 3, 59, 72763
What are the prime factors of 43190303?
13, 1667, 1993
List the prime factors of 2442712573.
